). What is the tens digit of (-748)/(-3) - (-1)/f?
4
Suppose 4*m = 3*i - 75, -8*i + 120 = -3*i - 5*m. Let b = i + -21. What is the tens digit of b*2/10 + 23?
2
Let j be 0/((6/(-2) - -4)/(-1)). Suppose 5*g - 624 = -3*f, -2*g + 420 = -j*f + 2*f. What is the tens digit of f?
1
Suppose 18*x = 5*r + 13*x - 5660, -3*x = 5*r - 5620. What is the units digit of r?
7
Let h(c) = c**2 - 8*c - 8. Suppose -40 = -6*v + v. Let s be h(v). Let m(y) = -7*y. What is the units digit of m(s)?
6
Suppose 0 = 7*h - 5634 - 9647. What is the units digit of h?
3
Let n = -487 + 1433. What is the tens digit of n?
4
Let h be 2*1 + 11 + -10. Suppose 3*n - 24 = -h*u, 5*n + 4*u - 37 = 2. What is the units digit of n?
7
Let j be 4/22 - 128/(-22). Suppose -j*t = -3*t - 141. What is the units digit of t?
7
Suppose -f = f. Let n be f/(-2) + -2 + 4. Suppose y + 12 = n*y. What is the tens digit of y?
1
Let m = 2 + -7. What is the units digit of 3/5 + (-117)/m?
4
Suppose j - s - 3*s + 15 = 0, -5*j - 11 = -4*s. What is the hundreds digit of (2 - 0 - -3)/(j/23)?
1
Let i(y) = -y + 10. Let c be i(4). Let w be 14 - c/9*3. Let s(u) = u**3 - 12*u**2 + 3*u - 13. What is the tens digit of s(w)?
2
Suppose -7*o - 12*o = -50350. What is the tens digit of o?
5
Let x be (0/2)/(9 + -6). Suppose -j + 11 = 4*n, x = -5*j + j - 4*n + 20. Suppose 4*q - j*q = 5. What is the units digit of q?
5
Suppose -4*l + 534 = 3*y, -5*l + 227 = y + 38. What is the hundreds digit of y?
1
What is the units digit of (5/5 - -3) + 471?
5
Let j = -16 + 18. Suppose 4*f - j*q = -3*q + 858, -4*q = -4*f + 848. What is the tens digit of f?
1
Let c = 17 - -1. Suppose -c - 138 = -f. What is the units digit of f?
6
Let g = 5 + 12. Suppose -35 = -g*y + 12*y. What is the units digit of y?
7
Let z(p) = -69*p - 168. What is the hundreds digit of z(-12)?
6
What is the units digit of (-135765)/(-70)*16/18?
4
Suppose 180 + 497 = 5*j - 3*x, 2*x = 4*j - 542. Suppose u = 4*l + 27, -5*l = -4*u - 6 + j. What is the units digit of u?
5
Let q(v) = 82*v. Let s be q(-1). What is the units digit of (6 - 2)*(s/(-4) - -1)?
6
Let x = 18 + -16. Suppose 3*v - 136 = -x*b, -v - 5*b = v - 109. What is the units digit of v?
2
Let q be (6/6)/((-2)/(-4)). Let t = -2 + q. Suppose -5*v + 4*h + 128 = -t*h, -124 = -4*v - 4*h. What is the tens digit of v?
2
Let a(m) = m**3 - 7*m**2 + 6*m + 3. Let v be a(6). Suppose 3*p + p - v*s + 8 = 0, 0 = -2*s. Let j(q) = -2*q**3 + q**2 + 2*q + 2. What is the tens digit of j(p)?
1
Suppose -7738 = -8*z - 1586. What is the units digit of z?
9
Let w be (-2 - -5) + 18/6. Suppose 31 = -h - w. Let x = h - -83. What is the units digit of x?
6
Suppose 1234 = 9*a - 800. What is the units digit of a?
6
Let u(k) = -k**3 - 49*k**2 - 349*k + 81. What is the hundreds digit of u(-43)?
9
Let q = 16 - 12. Suppose 30 = q*x + x. Let y(z) = -z**3 + 5*z**2 + 7*z + 7. What is the tens digit of y(x)?
1
Let p(n) = n**3 + 15*n**2 + 20*n + 15. What is the tens digit of p(-13)?
9
Suppose -1901 = -22*i + 23927. What is the hundreds digit of i?
1
Let c(a) = -a**3 - 7*a**2 - 18*a - 21. What is the tens digit of c(-10)?
5
Let n = -20 + 23. Suppose -p - f + 7 = 0, -2*p - 21 = -6*p + n*f. What is the units digit of (p/(-9))/((-3)/171)?
8
Let f(c) = -3 - 3*c + 4*c + 0 + c. Let l be 3 + (2 - 0) + 0. What is the units digit of f(l)?
7
Let u(h) = 41*h**2 + 2*h - 1. Let a = 53 - 32. Let d = -20 + a. What is the tens digit of u(d)?
4
Suppose 2*w - 9 = -w. Suppose w*d - 38 = 34. Suppose 3*c = -3*f + d - 0, -c = 3*f. What is the units digit of c?
2
Let p(r) be the first derivative of 10*r**3/3 - 5*r**2/2 + 4*r - 5. Let t be p(2). Suppose 5*o - 2*o - t = l, 4*o + 4*l - 56 = 0. What is the units digit of o?
2
Suppose 0 = -41*g + 74*g - 83787. What is the hundreds digit of g?
5
Let g be ((-184)/(-4))/2*3. Let h be 8/(-28) - g/(-21). Suppose 0*m = h*m - 42. What is the tens digit of m?
1
Let c = -11467 + 16676. What is the hundreds digit of c?
2
Let m = -71 - -80. Suppose m*l - 7*l = 210. What is the hundreds digit of l?
1
Suppose -2*o + 3*o = -2*f - 7, -o = 5*f + 1. Let a(y) = -y**2 - 19*y + 7. What is the units digit of a(o)?
5
Suppose -4*t = -3*w, -5*w = -3*w + 4*t. Let g be w*((-4)/(-4))/(-1). Suppose -q + 2*q - 41 = g. What is the units digit of q?
1
Let y(o) = -o**2 - o - 1. Let w(n) be the first derivative of 4*n**3/3 + 7*n**2/2 - 4*n - 2. Let u(l) = w(l) + 2*y(l). What is the units digit of u(-6)?
6
Let g(f) = 16*f - 10. Let l be g(2). Suppose -p = -0*p - l. What is the units digit of p?
2
Suppose 0 = -3*a + 9, 0 = -3*r + a + 1311 + 1329. What is the hundreds digit of r?
8
Suppose 3*t - 5 = -2*p + 2*t, t = -5. Let k(n) = -p - n + 5 + 12. What is the units digit of k(10)?
2
Let v(x) = 3*x + 29. Let g be v(0). Let q be (-5)/(-1) + 12/(-6). Suppose -37 = -q*i + g. What is the tens digit of i?
2
Suppose -1531 = -4*q + 5*m + 3072, -4*m = -2*q + 2300. What is the units digit of q?
2
Let l be ((-9)/3 + 1)/(2/(-3)). Suppose l*z - 125 = 40. What is the units digit of z?
5
Let b = 68 - 60. Suppose b + 7 = 3*f. What is the units digit of f?
5
Let f(l) = l**3 + l**2 + l + 1. Let v(k) = -10*k**3 - 5*k**2 - 6*k - 7. Let b(j) = -6*f(j) - v(j). Let c be b(-1). What is the units digit of (56/12)/(c/(-6))?
7
Let o = 136 + -134. Suppose 76 = o*z - 370. What is the tens digit of z?
2
Let t be ((-21)/5)/(1/(-5)). What is the tens digit of ((-602)/t)/((-2)/3)?
4
Let t = 27 - 29. Let d = t + 6. What is the units digit of d?
4
Suppose -s + 2*n - 6*n + 6 = 0, 3*s + 3*n = 54. What is the units digit of s?
2
Let f = 36 - 32. What is the units digit of (3/f)/(13/520)?
0
Suppose h = 616 + 37. What is the units digit of h?
3
Let d be (3/2)/((-3)/(-164)). Let y(a) = 146 - d + 5*a + a**2 - 3*a - 3*a - a**3. What is the tens digit of y(0)?
6
Let k = 94 + -92. Suppose -184 = -4*h + k*a, 2*h - 3*a - a = 86. What is the tens digit of h?
4
Let u = -53 + 64. Let a be (-1)/(-2 - -3)*-3. Suppose u - 77 = -a*v. What is the units digit of v?
2
Suppose -h - 4*h + 100 = 0. Suppose 4*c + 29 = -3*d, -h = -4*c - c. Let l = 32 - d. What is the tens digit of l?
4
Let u(f) = -8*f**2 - 320*f - 51. What is the units digit of u(-22)?
7
Let f(m) = -m**2 - 4*m - 2. Let s(c) = c. Let g(l) = -f(l) - 4*s(l). Suppose -13*z + 11*z = 4*k + 32, -2*z + 5*k = -13. What is the tens digit of g(z)?
3
Suppose -4*y = 2*r - 640, 3*r - 4*y - 964 = -9*y. Suppose 3*d + r = 2*l - d, 2*l = 2*d + 324. Suppose -86 = -6*z + l. What is the tens digit of z?
4
Let j = 2247 - 1070. What is the thousands digit of j?
1
What is the thousands digit of 9180/(-6)*(-18)/12?
2
Let z(w) = -636*w**3 + 2*w**2 - 3*w + 2. Let f be z(1). What is the hundreds digit of (-1*2)/(1/(f/10))?
1
What is the units digit of (-3)/(-21) - (1 + 68832/(-42))?
8
Let r(i) = -i**3 - 8*i**2 + 10*i - 12. Let f be r(-10). Suppose -4*w = 4*p - f, -4*w + 0*w = -2*p - 100. What is the tens digit of w?
2
Let k = 294 + 58. What is the units digit of k?
2
Let v(s) = 4*s**2 + 22*s + 2. What is the units digit of v(-10)?
2
Suppose 2*l - 119 = 87. What is the tens digit of l?
0
Let a = 1 + 0. Suppose -a = -2*x - 3*o + 36, -31 = -x - 4*o. Suppose 0 = 3*q - 17 + x. What is the units digit of q?
2
Suppose 3*n - 30 - 12 = 0. Suppose -2*f + 18 = 2*j + 6, 0 = f - 4*j + n. Suppose f*z - 11 = -3*r - 2*z, 2*r - 2 = -4*z. What is the units digit of r?
9
Let t = -21 - -21. Suppose 5*l - 4*z - 10 = t, 5*l - 2*z - 2 = 18. What is the tens digit of (-3)/(l/(-26))*1?
1
Let m = -601 - -848. What is the hundreds digit of m?
2
Let l = 37 - 75. Let x = l - -58. Let p = x - 18. What is the units digit of p?
2
Let j(a) = -a**3 - 9*a**2 - 4*a - 17. Let u be j(-9). Suppose -20*g = -u*g - 186. What is the units digit of g?
6
Let z(l) = -l**3 + 12*l**2 + 2*l + 3. Let s(c) = -c**3 + 10*c**2 + 25*c - 1. Let u be s(12). What is the tens digit of z(u)?
4
Let v be -1 + -1 + -14 + 4. Let q be (-1)/(-2) + (-18)/v. Suppose -t = q*r - 113, 0*r + 4*t - 167 = -3*r. What is the units digit of r?
7
Suppose -5*p = -4*f + 47, -5*p - 2 + 3 = 2*f. Let s = 14 - f. What is the units digit of s/(-9)*(-126)/4?
1
Let p(t) = t**3 - 13*t**2 + 2*t + 1. Let y be 5 + 3 + -1 + -1. Let a(x) = x**3 - 7*x**2 + 7*x + 7. Let h be a(y). What is the tens digit of p(h)?
2
Let v(t) = t**2 + 3*t + 7. Let k be v(-5). Suppose 5*z + 2*d - k = 0,